{"id":18631,"date":"2023-07-10T11:00:01","date_gmt":"2023-07-10T11:00:01","guid":{"rendered":"https:\/\/vatgas.hemsida.eu\/?page_id=18631"},"modified":"2025-02-17T10:08:40","modified_gmt":"2025-02-17T10:08:40","slug":"foretagsutbildningar","status":"publish","type":"page","link":"https:\/\/iwdev.se\/vatgas\/foretagsutbildningar\/","title":{"rendered":"F\u00f6retagsutbildningar"},"content":{"rendered":"\n<p>H\u00e4r har vi samlat de f\u00f6retagsutbildningar som v\u00e5ra medlemmar erbjuder organisationer f\u00f6r att h\u00f6ja sin kunskap om v\u00e4tgas och v\u00e4rdekedjan. Om du \u00e4r medlem hos oss och vill synas h\u00e4r, kontakta <a href=\"mailto:member@vatgas.se\" target=\"_blank\" rel=\"noreferrer noopener\">member@vatgas.se<\/a> <\/p>\n\n\n\n<p><\/p>\n\n\n\n<p><\/p>\n\n\n\n<div class=\"wp-block-columns is-layout-flex wp-container-core-columns-is-layout-9d6595d7 wp-block-columns-is-layout-flex\">\n<div class=\"wp-block-column is-layout-flow wp-block-column-is-layout-flow\">\n<figure class=\"wp-block-image size-full is-resized\"><a href=\"https:\/\/setterwalls.se\/\"><img decoding=\"async\" src=\"https:\/\/iwdev.se\/vatgas\/wp-content\/uploads\/2023\/08\/setterwalls.png\" alt=\"\" class=\"wp-image-18809\" style=\"aspect-ratio:3.2291666666666665;object-fit:cover;width:179px;height:auto\"\/><\/a><\/figure>\n\n\n\n<h3 class=\"wp-block-heading\" id=\"h-skraddarsydda-utbildningar\">Skr\u00e4ddarsydda utbildningar <\/h3>\n\n\n\n<p>F\u00f6r mer information, kontakta: <a href=\"mailto:Tove.Andersson@setterwalls.se\">Tove.Andersson@setterwalls.se<\/a><\/p>\n\n\n\n<p><\/p>\n<\/div>\n\n\n\n<div class=\"wp-block-column is-layout-flow wp-block-column-is-layout-flow\">\n<figure class=\"wp-block-image size-full is-resized\"><a href=\"https:\/\/stockholm.swagelok.com\/sv\/training\/hydrogen-solutions-for-safety-and-reliability\"><img decoding=\"async\" src=\"https:\/\/iwdev.se\/vatgas\/wp-content\/uploads\/2024\/05\/Swagelok-Sweden-logo-blue.png\" alt=\"\" class=\"wp-image-20532\" style=\"width:134px;height:auto\"\/><\/a><\/figure>\n\n\n\n<h3 class=\"wp-block-heading\" id=\"h-vatgas-utbildning\">V\u00e4tgas utbildning<\/h3>\n\n\n\n<p>V\u00e4tgas s\u00e4kerhetsutbildning: Hydrogen Solutions for Safety &amp; Reliability<\/p>\n\n\n\n<p>Denna v\u00e4tgass\u00e4kerhetsutbildning \u00e4r f\u00f6r konstrukt\u00f6rer, installat\u00f6rer och drifts-\/underh\u00e5llspersonal. Utbildningen ska \u00f6ka effektivitet och s\u00e4kerhet i v\u00e4tgasarbete genom kompetensf\u00f6rb\u00e4ttring inom fl\u00f6dessystemdesign, installation, inspektion, drift och underh\u00e5ll.<\/p>\n\n\n\n<p><a href=\"https:\/\/stockholm.swagelok.com\/sv\/training\/hydrogen-solutions-for-safety-and-reliability\">Mer information<\/a><\/p>\n\n\n\n<p><\/p>\n<\/div>\n\n\n\n<div class=\"wp-block-column is-layout-flow wp-block-column-is-layout-flow\"><\/div>\n<\/div>\n","protected":false},"excerpt":{"rendered":"<p>H\u00e4r har vi samlat de f\u00f6retagsutbildningar som v\u00e5ra medlemmar erbjuder organisationer f\u00f6r att h\u00f6ja sin kunskap om v\u00e4tgas och v\u00e4rdekedjan. Om du \u00e4r medlem hos oss och vill synas h\u00e4r, kontakta member@vatgas.se Skr\u00e4ddarsydda utbildningar F\u00f6r mer information, kontakta: Tove.Andersson@setterwalls.se V\u00e4tgas utbildning V\u00e4tgas s\u00e4kerhetsutbildning: Hydrogen Solutions for Safety &amp; Reliability Denna v\u00e4tgass\u00e4kerhetsutbildning \u00e4r f\u00f6r konstrukt\u00f6rer, installat\u00f6rer <a class=\"moretag\" href=\"https:\/\/iwdev.se\/vatgas\/foretagsutbildningar\/\">[&#8230;]<\/a><\/p>\n","protected":false},"author":3,"featured_media":0,"parent":0,"menu_order":0,"comment_status":"closed","ping_status":"closed","template":"","meta":{"_acf_changed":false,"footnotes":""},"class_list":["post-18631","page","type-page","status-publish","hentry"],"acf":[],"yoast_head":"<!-- This site is optimized with the Yoast SEO Premium plugin v26.4 (Yoast SEO v27.4) - https:\/\/yoast.com\/product\/yoast-seo-premium-wordpress\/ -->\n<title>F\u00f6retagsutbildningar - V\u00e4tgas Sverige<\/title>\n<meta name=\"robots\" content=\"noindex, follow, max-snippet:-1, max-image-preview:large, max-video-preview:-1\" \/>\n<meta property=\"og:locale\" content=\"sv_SE\" \/>\n<meta property=\"og:type\" content=\"article\" \/>\n<meta property=\"og:title\" content=\"F\u00f6retagsutbildningar\" \/>\n<meta property=\"og:description\" content=\"H\u00e4r har vi samlat de f\u00f6retagsutbildningar som v\u00e5ra medlemmar erbjuder organisationer f\u00f6r att h\u00f6ja sin kunskap om v\u00e4tgas och v\u00e4rdekedjan. Om du \u00e4r medlem hos oss och vill synas h\u00e4r, kontakta member@vatgas.se Skr\u00e4ddarsydda utbildningar F\u00f6r mer information, kontakta: Tove.Andersson@setterwalls.se V\u00e4tgas utbildning V\u00e4tgas s\u00e4kerhetsutbildning: Hydrogen Solutions for Safety &amp; Reliability Denna v\u00e4tgass\u00e4kerhetsutbildning \u00e4r f\u00f6r konstrukt\u00f6rer, installat\u00f6rer [...]\" \/>\n<meta property=\"og:url\" content=\"https:\/\/iwdev.se\/vatgas\/foretagsutbildningar\/\" \/>\n<meta property=\"og:site_name\" content=\"V\u00e4tgas Sverige\" \/>\n<meta property=\"article:modified_time\" content=\"2025-02-17T10:08:40+00:00\" \/>\n<meta property=\"og:image\" content=\"https:\/\/iwdev.se\/vatgas\/wp-content\/uploads\/2023\/08\/setterwalls.png\" \/>\n<meta name=\"twitter:card\" content=\"summary_large_image\" \/>\n<meta name=\"twitter:label1\" content=\"Ber\u00e4knad l\u00e4stid\" \/>\n\t<meta name=\"twitter:data1\" content=\"1 minut\" \/>\n<script type=\"application\/ld+json\" class=\"yoast-schema-graph\">{\"@context\":\"https:\\\/\\\/schema.org\",\"@graph\":[{\"@type\":\"WebPage\",\"@id\":\"https:\\\/\\\/iwdev.se\\\/vatgas\\\/foretagsutbildningar\\\/\",\"url\":\"https:\\\/\\\/iwdev.se\\\/vatgas\\\/foretagsutbildningar\\\/\",\"name\":\"F\u00f6retagsutbildningar - V\u00e4tgas Sverige\",\"isPartOf\":{\"@id\":\"https:\\\/\\\/iwdev.se\\\/vatgas\\\/#website\"},\"primaryImageOfPage\":{\"@id\":\"https:\\\/\\\/iwdev.se\\\/vatgas\\\/foretagsutbildningar\\\/#primaryimage\"},\"image\":{\"@id\":\"https:\\\/\\\/iwdev.se\\\/vatgas\\\/foretagsutbildningar\\\/#primaryimage\"},\"thumbnailUrl\":\"https:\\\/\\\/iwdev.se\\\/vatgas\\\/wp-content\\\/uploads\\\/2023\\\/08\\\/setterwalls.png\",\"datePublished\":\"2023-07-10T11:00:01+00:00\",\"dateModified\":\"2025-02-17T10:08:40+00:00\",\"breadcrumb\":{\"@id\":\"https:\\\/\\\/iwdev.se\\\/vatgas\\\/foretagsutbildningar\\\/#breadcrumb\"},\"inLanguage\":\"sv-SE\",\"potentialAction\":[{\"@type\":\"ReadAction\",\"target\":[\"https:\\\/\\\/iwdev.se\\\/vatgas\\\/foretagsutbildningar\\\/\"]}]},{\"@type\":\"ImageObject\",\"inLanguage\":\"sv-SE\",\"@id\":\"https:\\\/\\\/iwdev.se\\\/vatgas\\\/foretagsutbildningar\\\/#primaryimage\",\"url\":\"\",\"contentUrl\":\"\"},{\"@type\":\"BreadcrumbList\",\"@id\":\"https:\\\/\\\/iwdev.se\\\/vatgas\\\/foretagsutbildningar\\\/#breadcrumb\",\"itemListElement\":[{\"@type\":\"ListItem\",\"position\":1,\"name\":\"Home\",\"item\":\"https:\\\/\\\/iwdev.se\\\/vatgas\\\/\"},{\"@type\":\"ListItem\",\"position\":2,\"name\":\"F\u00f6retagsutbildningar\"}]},{\"@type\":\"WebSite\",\"@id\":\"https:\\\/\\\/iwdev.se\\\/vatgas\\\/#website\",\"url\":\"https:\\\/\\\/iwdev.se\\\/vatgas\\\/\",\"name\":\"V\u00e4tgas Sverige\",\"description\":\"En ledande plattform f\u00f6r omst\u00e4llningen till fossilfrihet\",\"publisher\":{\"@id\":\"https:\\\/\\\/iwdev.se\\\/vatgas\\\/#organization\"},\"potentialAction\":[{\"@type\":\"SearchAction\",\"target\":{\"@type\":\"EntryPoint\",\"urlTemplate\":\"https:\\\/\\\/iwdev.se\\\/vatgas\\\/?s={search_term_string}\"},\"query-input\":{\"@type\":\"PropertyValueSpecification\",\"valueRequired\":true,\"valueName\":\"search_term_string\"}}],\"inLanguage\":\"sv-SE\"},{\"@type\":\"Organization\",\"@id\":\"https:\\\/\\\/iwdev.se\\\/vatgas\\\/#organization\",\"name\":\"V\u00e4tgas Sverige\",\"url\":\"https:\\\/\\\/iwdev.se\\\/vatgas\\\/\",\"logo\":{\"@type\":\"ImageObject\",\"inLanguage\":\"sv-SE\",\"@id\":\"https:\\\/\\\/iwdev.se\\\/vatgas\\\/#\\\/schema\\\/logo\\\/image\\\/\",\"url\":\"https:\\\/\\\/iwdev.se\\\/vatgas\\\/wp-content\\\/uploads\\\/2022\\\/06\\\/LOGO.png\",\"contentUrl\":\"https:\\\/\\\/iwdev.se\\\/vatgas\\\/wp-content\\\/uploads\\\/2022\\\/06\\\/LOGO.png\",\"width\":240,\"height\":147,\"caption\":\"V\u00e4tgas Sverige\"},\"image\":{\"@id\":\"https:\\\/\\\/iwdev.se\\\/vatgas\\\/#\\\/schema\\\/logo\\\/image\\\/\"}}]}<\/script>\n<!-- \/ Yoast SEO Premium plugin. -->","yoast_head_json":{"title":"F\u00f6retagsutbildningar - V\u00e4tgas Sverige","robots":{"index":"noindex","follow":"follow","max-snippet":"max-snippet:-1","max-image-preview":"max-image-preview:large","max-video-preview":"max-video-preview:-1"},"og_locale":"sv_SE","og_type":"article","og_title":"F\u00f6retagsutbildningar","og_description":"H\u00e4r har vi samlat de f\u00f6retagsutbildningar som v\u00e5ra medlemmar erbjuder organisationer f\u00f6r att h\u00f6ja sin kunskap om v\u00e4tgas och v\u00e4rdekedjan. Om du \u00e4r medlem hos oss och vill synas h\u00e4r, kontakta member@vatgas.se Skr\u00e4ddarsydda utbildningar F\u00f6r mer information, kontakta: Tove.Andersson@setterwalls.se V\u00e4tgas utbildning V\u00e4tgas s\u00e4kerhetsutbildning: Hydrogen Solutions for Safety &amp; Reliability Denna v\u00e4tgass\u00e4kerhetsutbildning \u00e4r f\u00f6r konstrukt\u00f6rer, installat\u00f6rer [...]","og_url":"https:\/\/iwdev.se\/vatgas\/foretagsutbildningar\/","og_site_name":"V\u00e4tgas Sverige","article_modified_time":"2025-02-17T10:08:40+00:00","og_image":[{"url":"https:\/\/iwdev.se\/vatgas\/wp-content\/uploads\/2023\/08\/setterwalls.png","type":"","width":"","height":""}],"twitter_card":"summary_large_image","twitter_misc":{"Ber\u00e4knad l\u00e4stid":"1 minut"},"schema":{"@context":"https:\/\/schema.org","@graph":[{"@type":"WebPage","@id":"https:\/\/iwdev.se\/vatgas\/foretagsutbildningar\/","url":"https:\/\/iwdev.se\/vatgas\/foretagsutbildningar\/","name":"F\u00f6retagsutbildningar - V\u00e4tgas Sverige","isPartOf":{"@id":"https:\/\/iwdev.se\/vatgas\/#website"},"primaryImageOfPage":{"@id":"https:\/\/iwdev.se\/vatgas\/foretagsutbildningar\/#primaryimage"},"image":{"@id":"https:\/\/iwdev.se\/vatgas\/foretagsutbildningar\/#primaryimage"},"thumbnailUrl":"https:\/\/iwdev.se\/vatgas\/wp-content\/uploads\/2023\/08\/setterwalls.png","datePublished":"2023-07-10T11:00:01+00:00","dateModified":"2025-02-17T10:08:40+00:00","breadcrumb":{"@id":"https:\/\/iwdev.se\/vatgas\/foretagsutbildningar\/#breadcrumb"},"inLanguage":"sv-SE","potentialAction":[{"@type":"ReadAction","target":["https:\/\/iwdev.se\/vatgas\/foretagsutbildningar\/"]}]},{"@type":"ImageObject","inLanguage":"sv-SE","@id":"https:\/\/iwdev.se\/vatgas\/foretagsutbildningar\/#primaryimage","url":"","contentUrl":""},{"@type":"BreadcrumbList","@id":"https:\/\/iwdev.se\/vatgas\/foretagsutbildningar\/#breadcrumb","itemListElement":[{"@type":"ListItem","position":1,"name":"Home","item":"https:\/\/iwdev.se\/vatgas\/"},{"@type":"ListItem","position":2,"name":"F\u00f6retagsutbildningar"}]},{"@type":"WebSite","@id":"https:\/\/iwdev.se\/vatgas\/#website","url":"https:\/\/iwdev.se\/vatgas\/","name":"V\u00e4tgas Sverige","description":"En ledande plattform f\u00f6r omst\u00e4llningen till fossilfrihet","publisher":{"@id":"https:\/\/iwdev.se\/vatgas\/#organization"},"potentialAction":[{"@type":"SearchAction","target":{"@type":"EntryPoint","urlTemplate":"https:\/\/iwdev.se\/vatgas\/?s={search_term_string}"},"query-input":{"@type":"PropertyValueSpecification","valueRequired":true,"valueName":"search_term_string"}}],"inLanguage":"sv-SE"},{"@type":"Organization","@id":"https:\/\/iwdev.se\/vatgas\/#organization","name":"V\u00e4tgas Sverige","url":"https:\/\/iwdev.se\/vatgas\/","logo":{"@type":"ImageObject","inLanguage":"sv-SE","@id":"https:\/\/iwdev.se\/vatgas\/#\/schema\/logo\/image\/","url":"https:\/\/iwdev.se\/vatgas\/wp-content\/uploads\/2022\/06\/LOGO.png","contentUrl":"https:\/\/iwdev.se\/vatgas\/wp-content\/uploads\/2022\/06\/LOGO.png","width":240,"height":147,"caption":"V\u00e4tgas Sverige"},"image":{"@id":"https:\/\/iwdev.se\/vatgas\/#\/schema\/logo\/image\/"}}]}},"_links":{"self":[{"href":"https:\/\/iwdev.se\/vatgas\/wp-json\/wp\/v2\/pages\/18631","targetHints":{"allow":["GET"]}}],"collection":[{"href":"https:\/\/iwdev.se\/vatgas\/wp-json\/wp\/v2\/pages"}],"about":[{"href":"https:\/\/iwdev.se\/vatgas\/wp-json\/wp\/v2\/types\/page"}],"author":[{"embeddable":true,"href":"https:\/\/iwdev.se\/vatgas\/wp-json\/wp\/v2\/users\/3"}],"replies":[{"embeddable":true,"href":"https:\/\/iwdev.se\/vatgas\/wp-json\/wp\/v2\/comments?post=18631"}],"version-history":[{"count":9,"href":"https:\/\/iwdev.se\/vatgas\/wp-json\/wp\/v2\/pages\/18631\/revisions"}],"predecessor-version":[{"id":23443,"href":"https:\/\/iwdev.se\/vatgas\/wp-json\/wp\/v2\/pages\/18631\/revisions\/23443"}],"wp:attachment":[{"href":"https:\/\/iwdev.se\/vatgas\/wp-json\/wp\/v2\/media?parent=18631"}],"curies":[{"name":"wp","href":"https:\/\/api.w.org\/{rel}","templated":true}]}}