{"id":22383,"date":"2025-02-13T11:36:07","date_gmt":"2025-02-13T11:36:07","guid":{"rendered":"https:\/\/vatgas.hemsida.eu\/?page_id=22383"},"modified":"2025-03-12T09:45:36","modified_gmt":"2025-03-12T09:45:36","slug":"kunskapsbank","status":"publish","type":"page","link":"https:\/\/iwdev.se\/vatgas\/kunskapsbank\/","title":{"rendered":"Kunskapsbank om j\u00e4mst\u00e4lldhet i energisektorn"},"content":{"rendered":"\n<h4 class=\"wp-block-heading has-text-align-center\" id=\"h-vad-vill-du-veta-mer-om\">Vad vill du veta mer om?<\/h4>\n\n\n\n<p class=\"has-text-align-center\">Allt material \u00e4r kostnadsfritt och tillg\u00e4ngligt f\u00f6r dig som vill g\u00f6ra skillnad.<\/p>\n\n\n\n<div class=\"wp-block-columns is-layout-flex wp-container-core-columns-is-layout-9d6595d7 wp-block-columns-is-layout-flex\">\n<div class=\"wp-block-column is-layout-flow wp-block-column-is-layout-flow\">\n<h4 class=\"wp-block-heading has-text-align-left\" id=\"h-svensk-statistik\">Svensk statistik<\/h4>\n\n\n\n<p class=\"has-text-align-left\">Sammanst\u00e4llning av Statistikmyndigheten (SCB) kring j\u00e4mst\u00e4lldheten i Sverige. Publiceras vart annat \u00e5r. <a href=\"https:\/\/www.scb.se\/webbrapporter\/le0201\/lathund2024\/\">P\u00e5 tal om kvinnor och m\u00e4n \u2013 Lathund om j\u00e4mst\u00e4lldhet 2024<\/a><\/p>\n\n\n\n<p class=\"has-text-align-left\"><strong>S\u00e4rskilt intressanta data<\/strong>:<\/p>\n\n\n\n<ul class=\"wp-block-list\">\n<li><a href=\"https:\/\/www.scb.se\/webbrapporter\/le0201\/lathund2024\/#Loneskillnader-8.1\">L\u00f6ner<\/a><\/li>\n\n\n\n<li><a href=\"https:\/\/www.scb.se\/webbrapporter\/le0201\/lathund2024\/#Lon-i-olika-yrkesgrupper-8.3\">L\u00f6ner f\u00f6r ingenj\u00f6rer och k\u00f6nssegregerad arbetsmarknad<\/a><\/li>\n\n\n\n<li><a href=\"https:\/\/www.scb.se\/webbrapporter\/le0201\/lathund2024\/#Naringsliv-11.9\">Representation i styrelser och chefspositioner<\/a><\/li>\n<\/ul>\n\n\n\n<h4 class=\"wp-block-heading\" id=\"h-the-gender-responsive-leader-s-handbook\">The Gender-Responsive Leader\u2019s Handbook &#8211;<\/h4>\n\n\n\n<p class=\"has-text-align-left\">Handbok f\u00f6r j\u00e4mst\u00e4llda ledare (p\u00e5 engelska). <br>En handbok som hj\u00e4lper dig som \u00e4r ledare att s\u00e4kerst\u00e4lla att ditt ledarskap inte<br>diskriminerar.<\/p>\n\n\n\n<p class=\"has-text-align-left\">The Gender-Responsive Leader\u2019s Handbook producerats av Myndigheten f\u00f6r fred, s\u00e4kerhet och utveckling, och ger en god \u00f6verblick \u00f6ver vilka<br>dimensioner man beh\u00f6ver analysera sitt ledarskap inom \u2013 oavsett kontext.<\/p>\n\n\n\n<p><a href=\"https:\/\/fba.se\/globalassets\/grl\/fba_the-gender-responsive-leaders- handbook_2024.pdf\">The Gender-Responsive Leader&#8217;s Handbook<\/a><br><\/p>\n\n\n\n<p><br><\/p>\n<\/div>\n\n\n\n<div class=\"wp-block-column is-layout-flow wp-block-column-is-layout-flow\">\n<h4 class=\"wp-block-heading\" id=\"h-europeisk-statistik\">Europeisk statistik<\/h4>\n\n\n\n<p>European Institute for Gender Equality j\u00e4mf\u00f6r \u00e5rligen j\u00e4mst\u00e4lldhet inom EU\u2019s l\u00e4nder<br>p\u00e5 en rad dimensioner i n\u00e5got som kallas <a href=\"https:\/\/eige.europa.eu\/gender-equality-index\/2024\">Gender Equality Index<\/a><br><br><strong>S\u00e4rskilt intressanta data:<\/strong><br><a href=\"https:\/\/eige.europa.eu\/gender-equality-index\/2024\/compare-countries\">Sverige toppar listan i EU f\u00f6r 2024 med 82% j\u00e4mst\u00e4lldhet<\/a> men p\u00e5 ekonomisk j\u00e4mst\u00e4lldhet <a href=\"https:\/\/eige.europa.eu\/gender-equality-index\/2024\/compare-countries\/money\/bar\">ligger vi p\u00e5 plats 9<\/a>.<\/p>\n\n\n\n<h4 class=\"wp-block-heading\" id=\"h-stem\">STEM<\/h4>\n\n\n\n<p>Sverige har utformat en strategi f\u00f6r att s\u00e4kerst\u00e4lla att det finns kompetens i STEM-f\u00e4lten (Science Technology Engineering Mathematics), som kommer att v\u00e4xa de n\u00e4rmaste \u00e5ren. F\u00f6r att realisera denna strategi \u00e4r dock j\u00e4mst\u00e4lldhet en f\u00f6ruts\u00e4ttning: om folk inte f\u00e5r samma f\u00f6ruts\u00e4ttningar och j\u00e4mst\u00e4llda l\u00f6ner, blir det sv\u00e5rt att f\u00e5 in tillr\u00e4ckligt med kompetens i f\u00e4ltet. D\u00e4rf\u00f6r l\u00e4nkar detta projekt direkt in i den gr\u00f6na omst\u00e4llningen!&nbsp;<br><a href=\"https:\/\/www.regeringen.se\/regeringens-politik\/ingenjorslandet-sverige\/stem-strategin\/\">Sveriges STEM-strategi<\/a> <\/p>\n\n\n\n<h4 class=\"wp-block-heading\" id=\"h-tjejer-6-19-ar\">Tjejer 6-19 \u00e5r<\/h4>\n\n\n\n<p><a href=\"https:\/\/girlsinstem.se\">Girls in STEM<\/a>!<\/p>\n\n\n\n<p>Arrangerar en rad aktiviteter f\u00f6r tjejer d\u00e4r de f\u00e5r tr\u00e4ffa yrkesverksamma ingenj\u00f6rer och l\u00e4ra sig mer om teknik och framtidsyrken! <br>Vill ni arrangera ett elkollo f\u00f6r skolungdomar, f\u00f6r att v\u00e4cka intresse f\u00f6r elbranschen? H\u00e4r finns<br><a href=\"https:\/\/www.elkollo.com\/arrang\u00f6r\">en guide<\/a>!<\/p>\n\n\n\n<p><\/p>\n\n\n\n<p>\u00c4ven p\u00e5 EU-niv\u00e5 arbetas det aktivt med att s\u00e4kerst\u00e4lla kompetensf\u00f6rs\u00f6rjningen inom f\u00e4ltet. <a href=\"https:\/\/greenskillsforhydrogen.eu\/wp-content\/uploads\/2023\/10\/Green-Skills-for-Hydrogen-European-Hydrogen-Skills-Strategy-last-update-24102023.pdf\">H\u00e4r finns EUs Strategi f\u00f6r v\u00e4tgaskompetens.<\/a><\/p>\n\n\n\n<figure class=\"wp-block-image size-full is-resized\"><a href=\"https:\/\/greenskillsforhydrogen.eu\/wp-content\/uploads\/2023\/10\/Green-Skills-for-Hydrogen-European-Hydrogen-Skills-Strategy-last-update-24102023.pdf\"><img loading=\"lazy\" decoding=\"async\" width=\"432\" height=\"622\" src=\"https:\/\/iwdev.se\/vatgas\/wp-content\/uploads\/2025\/03\/Skarmavbild-2025-03-12-kl.-10.22.08.png\" alt=\"\" class=\"wp-image-22606\" style=\"width:270px;height:auto\" srcset=\"https:\/\/iwdev.se\/vatgas\/wp-content\/uploads\/2025\/03\/Skarmavbild-2025-03-12-kl.-10.22.08.png 432w, https:\/\/iwdev.se\/vatgas\/wp-content\/uploads\/2025\/03\/Skarmavbild-2025-03-12-kl.-10.22.08-208x300.png 208w\" sizes=\"auto, (max-width: 432px) 100vw, 432px\" \/><\/a><\/figure>\n<\/div>\n<\/div>\n","protected":false},"excerpt":{"rendered":"<p>Vad vill du veta mer om? Allt material \u00e4r kostnadsfritt och tillg\u00e4ngligt f\u00f6r dig som vill g\u00f6ra skillnad. Svensk statistik Sammanst\u00e4llning av Statistikmyndigheten (SCB) kring j\u00e4mst\u00e4lldheten i Sverige. Publiceras vart annat \u00e5r. P\u00e5 tal om kvinnor och m\u00e4n \u2013 Lathund om j\u00e4mst\u00e4lldhet 2024 S\u00e4rskilt intressanta data: The Gender-Responsive Leader\u2019s Handbook &#8211; Handbok f\u00f6r j\u00e4mst\u00e4llda ledare <a class=\"moretag\" href=\"https:\/\/iwdev.se\/vatgas\/kunskapsbank\/\">[&#8230;]<\/a><\/p>\n","protected":false},"author":1,"featured_media":0,"parent":0,"menu_order":0,"comment_status":"closed","ping_status":"closed","template":"templates\/template-kunskapsbank.php","meta":{"_acf_changed":false,"footnotes":""},"class_list":["post-22383","page","type-page","status-publish","hentry"],"acf":[],"yoast_head":"<!-- This site is optimized with the Yoast SEO Premium plugin v26.4 (Yoast SEO v27.4) - https:\/\/yoast.com\/product\/yoast-seo-premium-wordpress\/ -->\n<title>Kunskapsbank om j\u00e4mst\u00e4lldhet i energisektorn - V\u00e4tgas Sverige<\/title>\n<meta name=\"robots\" content=\"noindex, follow, max-snippet:-1, max-image-preview:large, max-video-preview:-1\" \/>\n<meta property=\"og:locale\" content=\"sv_SE\" \/>\n<meta property=\"og:type\" content=\"article\" \/>\n<meta property=\"og:title\" content=\"Kunskapsbank om j\u00e4mst\u00e4lldhet i energisektorn\" \/>\n<meta property=\"og:description\" content=\"Vad vill du veta mer om? Allt material \u00e4r kostnadsfritt och tillg\u00e4ngligt f\u00f6r dig som vill g\u00f6ra skillnad. Svensk statistik Sammanst\u00e4llning av Statistikmyndigheten (SCB) kring j\u00e4mst\u00e4lldheten i Sverige. Publiceras vart annat \u00e5r. P\u00e5 tal om kvinnor och m\u00e4n \u2013 Lathund om j\u00e4mst\u00e4lldhet 2024 S\u00e4rskilt intressanta data: The Gender-Responsive Leader\u2019s Handbook &#8211; Handbok f\u00f6r j\u00e4mst\u00e4llda ledare [...]\" \/>\n<meta property=\"og:url\" content=\"https:\/\/iwdev.se\/vatgas\/kunskapsbank\/\" \/>\n<meta property=\"og:site_name\" content=\"V\u00e4tgas Sverige\" \/>\n<meta property=\"article:modified_time\" content=\"2025-03-12T09:45:36+00:00\" \/>\n<meta property=\"og:image\" content=\"https:\/\/iwdev.se\/vatgas\/wp-content\/uploads\/2025\/03\/Skarmavbild-2025-03-12-kl.-10.22.08.png\" \/>\n\t<meta property=\"og:image:width\" content=\"432\" \/>\n\t<meta property=\"og:image:height\" content=\"622\" \/>\n\t<meta property=\"og:image:type\" content=\"image\/png\" \/>\n<meta name=\"twitter:card\" content=\"summary_large_image\" \/>\n<meta name=\"twitter:label1\" content=\"Ber\u00e4knad l\u00e4stid\" \/>\n\t<meta name=\"twitter:data1\" content=\"2 minuter\" \/>\n<script type=\"application\/ld+json\" class=\"yoast-schema-graph\">{\"@context\":\"https:\\\/\\\/schema.org\",\"@graph\":[{\"@type\":\"WebPage\",\"@id\":\"https:\\\/\\\/iwdev.se\\\/vatgas\\\/kunskapsbank\\\/\",\"url\":\"https:\\\/\\\/iwdev.se\\\/vatgas\\\/kunskapsbank\\\/\",\"name\":\"Kunskapsbank om j\u00e4mst\u00e4lldhet i energisektorn - V\u00e4tgas Sverige\",\"isPartOf\":{\"@id\":\"https:\\\/\\\/iwdev.se\\\/vatgas\\\/#website\"},\"primaryImageOfPage\":{\"@id\":\"https:\\\/\\\/iwdev.se\\\/vatgas\\\/kunskapsbank\\\/#primaryimage\"},\"image\":{\"@id\":\"https:\\\/\\\/iwdev.se\\\/vatgas\\\/kunskapsbank\\\/#primaryimage\"},\"thumbnailUrl\":\"https:\\\/\\\/iwdev.se\\\/vatgas\\\/wp-content\\\/uploads\\\/2025\\\/03\\\/Skarmavbild-2025-03-12-kl.-10.22.08.png\",\"datePublished\":\"2025-02-13T11:36:07+00:00\",\"dateModified\":\"2025-03-12T09:45:36+00:00\",\"breadcrumb\":{\"@id\":\"https:\\\/\\\/iwdev.se\\\/vatgas\\\/kunskapsbank\\\/#breadcrumb\"},\"inLanguage\":\"sv-SE\",\"potentialAction\":[{\"@type\":\"ReadAction\",\"target\":[\"https:\\\/\\\/iwdev.se\\\/vatgas\\\/kunskapsbank\\\/\"]}]},{\"@type\":\"ImageObject\",\"inLanguage\":\"sv-SE\",\"@id\":\"https:\\\/\\\/iwdev.se\\\/vatgas\\\/kunskapsbank\\\/#primaryimage\",\"url\":\"https:\\\/\\\/iwdev.se\\\/vatgas\\\/wp-content\\\/uploads\\\/2025\\\/03\\\/Skarmavbild-2025-03-12-kl.-10.22.08.png\",\"contentUrl\":\"https:\\\/\\\/iwdev.se\\\/vatgas\\\/wp-content\\\/uploads\\\/2025\\\/03\\\/Skarmavbild-2025-03-12-kl.-10.22.08.png\",\"width\":432,\"height\":622},{\"@type\":\"BreadcrumbList\",\"@id\":\"https:\\\/\\\/iwdev.se\\\/vatgas\\\/kunskapsbank\\\/#breadcrumb\",\"itemListElement\":[{\"@type\":\"ListItem\",\"position\":1,\"name\":\"Home\",\"item\":\"https:\\\/\\\/iwdev.se\\\/vatgas\\\/\"},{\"@type\":\"ListItem\",\"position\":2,\"name\":\"Kunskapsbank om j\u00e4mst\u00e4lldhet i energisektorn\"}]},{\"@type\":\"WebSite\",\"@id\":\"https:\\\/\\\/iwdev.se\\\/vatgas\\\/#website\",\"url\":\"https:\\\/\\\/iwdev.se\\\/vatgas\\\/\",\"name\":\"V\u00e4tgas Sverige\",\"description\":\"En ledande plattform f\u00f6r omst\u00e4llningen till fossilfrihet\",\"publisher\":{\"@id\":\"https:\\\/\\\/iwdev.se\\\/vatgas\\\/#organization\"},\"potentialAction\":[{\"@type\":\"SearchAction\",\"target\":{\"@type\":\"EntryPoint\",\"urlTemplate\":\"https:\\\/\\\/iwdev.se\\\/vatgas\\\/?s={search_term_string}\"},\"query-input\":{\"@type\":\"PropertyValueSpecification\",\"valueRequired\":true,\"valueName\":\"search_term_string\"}}],\"inLanguage\":\"sv-SE\"},{\"@type\":\"Organization\",\"@id\":\"https:\\\/\\\/iwdev.se\\\/vatgas\\\/#organization\",\"name\":\"V\u00e4tgas Sverige\",\"url\":\"https:\\\/\\\/iwdev.se\\\/vatgas\\\/\",\"logo\":{\"@type\":\"ImageObject\",\"inLanguage\":\"sv-SE\",\"@id\":\"https:\\\/\\\/iwdev.se\\\/vatgas\\\/#\\\/schema\\\/logo\\\/image\\\/\",\"url\":\"https:\\\/\\\/iwdev.se\\\/vatgas\\\/wp-content\\\/uploads\\\/2022\\\/06\\\/LOGO.png\",\"contentUrl\":\"https:\\\/\\\/iwdev.se\\\/vatgas\\\/wp-content\\\/uploads\\\/2022\\\/06\\\/LOGO.png\",\"width\":240,\"height\":147,\"caption\":\"V\u00e4tgas Sverige\"},\"image\":{\"@id\":\"https:\\\/\\\/iwdev.se\\\/vatgas\\\/#\\\/schema\\\/logo\\\/image\\\/\"}}]}<\/script>\n<!-- \/ Yoast SEO Premium plugin. -->","yoast_head_json":{"title":"Kunskapsbank om j\u00e4mst\u00e4lldhet i energisektorn - V\u00e4tgas Sverige","robots":{"index":"noindex","follow":"follow","max-snippet":"max-snippet:-1","max-image-preview":"max-image-preview:large","max-video-preview":"max-video-preview:-1"},"og_locale":"sv_SE","og_type":"article","og_title":"Kunskapsbank om j\u00e4mst\u00e4lldhet i energisektorn","og_description":"Vad vill du veta mer om? Allt material \u00e4r kostnadsfritt och tillg\u00e4ngligt f\u00f6r dig som vill g\u00f6ra skillnad. Svensk statistik Sammanst\u00e4llning av Statistikmyndigheten (SCB) kring j\u00e4mst\u00e4lldheten i Sverige. Publiceras vart annat \u00e5r. P\u00e5 tal om kvinnor och m\u00e4n \u2013 Lathund om j\u00e4mst\u00e4lldhet 2024 S\u00e4rskilt intressanta data: The Gender-Responsive Leader\u2019s Handbook &#8211; Handbok f\u00f6r j\u00e4mst\u00e4llda ledare [...]","og_url":"https:\/\/iwdev.se\/vatgas\/kunskapsbank\/","og_site_name":"V\u00e4tgas Sverige","article_modified_time":"2025-03-12T09:45:36+00:00","og_image":[{"width":432,"height":622,"url":"https:\/\/iwdev.se\/vatgas\/wp-content\/uploads\/2025\/03\/Skarmavbild-2025-03-12-kl.-10.22.08.png","type":"image\/png"}],"twitter_card":"summary_large_image","twitter_misc":{"Ber\u00e4knad l\u00e4stid":"2 minuter"},"schema":{"@context":"https:\/\/schema.org","@graph":[{"@type":"WebPage","@id":"https:\/\/iwdev.se\/vatgas\/kunskapsbank\/","url":"https:\/\/iwdev.se\/vatgas\/kunskapsbank\/","name":"Kunskapsbank om j\u00e4mst\u00e4lldhet i energisektorn - V\u00e4tgas Sverige","isPartOf":{"@id":"https:\/\/iwdev.se\/vatgas\/#website"},"primaryImageOfPage":{"@id":"https:\/\/iwdev.se\/vatgas\/kunskapsbank\/#primaryimage"},"image":{"@id":"https:\/\/iwdev.se\/vatgas\/kunskapsbank\/#primaryimage"},"thumbnailUrl":"https:\/\/iwdev.se\/vatgas\/wp-content\/uploads\/2025\/03\/Skarmavbild-2025-03-12-kl.-10.22.08.png","datePublished":"2025-02-13T11:36:07+00:00","dateModified":"2025-03-12T09:45:36+00:00","breadcrumb":{"@id":"https:\/\/iwdev.se\/vatgas\/kunskapsbank\/#breadcrumb"},"inLanguage":"sv-SE","potentialAction":[{"@type":"ReadAction","target":["https:\/\/iwdev.se\/vatgas\/kunskapsbank\/"]}]},{"@type":"ImageObject","inLanguage":"sv-SE","@id":"https:\/\/iwdev.se\/vatgas\/kunskapsbank\/#primaryimage","url":"https:\/\/iwdev.se\/vatgas\/wp-content\/uploads\/2025\/03\/Skarmavbild-2025-03-12-kl.-10.22.08.png","contentUrl":"https:\/\/iwdev.se\/vatgas\/wp-content\/uploads\/2025\/03\/Skarmavbild-2025-03-12-kl.-10.22.08.png","width":432,"height":622},{"@type":"BreadcrumbList","@id":"https:\/\/iwdev.se\/vatgas\/kunskapsbank\/#breadcrumb","itemListElement":[{"@type":"ListItem","position":1,"name":"Home","item":"https:\/\/iwdev.se\/vatgas\/"},{"@type":"ListItem","position":2,"name":"Kunskapsbank om j\u00e4mst\u00e4lldhet i energisektorn"}]},{"@type":"WebSite","@id":"https:\/\/iwdev.se\/vatgas\/#website","url":"https:\/\/iwdev.se\/vatgas\/","name":"V\u00e4tgas Sverige","description":"En ledande plattform f\u00f6r omst\u00e4llningen till fossilfrihet","publisher":{"@id":"https:\/\/iwdev.se\/vatgas\/#organization"},"potentialAction":[{"@type":"SearchAction","target":{"@type":"EntryPoint","urlTemplate":"https:\/\/iwdev.se\/vatgas\/?s={search_term_string}"},"query-input":{"@type":"PropertyValueSpecification","valueRequired":true,"valueName":"search_term_string"}}],"inLanguage":"sv-SE"},{"@type":"Organization","@id":"https:\/\/iwdev.se\/vatgas\/#organization","name":"V\u00e4tgas Sverige","url":"https:\/\/iwdev.se\/vatgas\/","logo":{"@type":"ImageObject","inLanguage":"sv-SE","@id":"https:\/\/iwdev.se\/vatgas\/#\/schema\/logo\/image\/","url":"https:\/\/iwdev.se\/vatgas\/wp-content\/uploads\/2022\/06\/LOGO.png","contentUrl":"https:\/\/iwdev.se\/vatgas\/wp-content\/uploads\/2022\/06\/LOGO.png","width":240,"height":147,"caption":"V\u00e4tgas Sverige"},"image":{"@id":"https:\/\/iwdev.se\/vatgas\/#\/schema\/logo\/image\/"}}]}},"_links":{"self":[{"href":"https:\/\/iwdev.se\/vatgas\/wp-json\/wp\/v2\/pages\/22383","targetHints":{"allow":["GET"]}}],"collection":[{"href":"https:\/\/iwdev.se\/vatgas\/wp-json\/wp\/v2\/pages"}],"about":[{"href":"https:\/\/iwdev.se\/vatgas\/wp-json\/wp\/v2\/types\/page"}],"author":[{"embeddable":true,"href":"https:\/\/iwdev.se\/vatgas\/wp-json\/wp\/v2\/users\/1"}],"replies":[{"embeddable":true,"href":"https:\/\/iwdev.se\/vatgas\/wp-json\/wp\/v2\/comments?post=22383"}],"version-history":[{"count":10,"href":"https:\/\/iwdev.se\/vatgas\/wp-json\/wp\/v2\/pages\/22383\/revisions"}],"predecessor-version":[{"id":22612,"href":"https:\/\/iwdev.se\/vatgas\/wp-json\/wp\/v2\/pages\/22383\/revisions\/22612"}],"wp:attachment":[{"href":"https:\/\/iwdev.se\/vatgas\/wp-json\/wp\/v2\/media?parent=22383"}],"curies":[{"name":"wp","href":"https:\/\/api.w.org\/{rel}","templated":true}]}}