{"id":241,"date":"2022-08-18T07:38:39","date_gmt":"2022-08-18T07:38:39","guid":{"rendered":"https:\/\/vatgas.hemsida.eu\/?page_id=241"},"modified":"2022-10-25T12:08:02","modified_gmt":"2022-10-25T12:08:02","slug":"fakta","status":"publish","type":"page","link":"https:\/\/iwdev.se\/vatgas\/fakta\/","title":{"rendered":"Fakta"},"content":{"rendered":"\n<h2 class=\"wp-block-heading\">Fakta om v\u00e4tgas fr\u00e5n k\u00e4lla till anv\u00e4ndning<\/h2>\n\n\n\n<p>V\u00e4tgas \u00e4r en energib\u00e4rare som anv\u00e4nds f\u00f6r att transportera, lagra och tillhandah\u00e5lla energi, precis som elektricitet. V\u00e4tgas tillverkas av alla sorters energik\u00e4llor: fossila, fossilfria, f\u00f6rnybara. Den stora potentialen har v\u00e4tgas som energib\u00e4rare i ett f\u00f6rnybart energisystem, d\u00e4r den framst\u00e4lls fr\u00e5n till exempel sol, vind eller vatten. V\u00e4tgas anv\u00e4nds idag v\u00e4rlden \u00f6ver f\u00f6r att lagra sol- och vindkraft, g\u00f6ra bost\u00e4der sj\u00e4lvf\u00f6rs\u00f6rjande p\u00e5 energi och till fordon helt fria fr\u00e5n skadliga utsl\u00e4pp. <\/p>\n","protected":false},"excerpt":{"rendered":"<p>Fakta om v\u00e4tgas fr\u00e5n k\u00e4lla till anv\u00e4ndning V\u00e4tgas \u00e4r en energib\u00e4rare som anv\u00e4nds f\u00f6r att transportera, lagra och tillhandah\u00e5lla energi, precis som elektricitet. V\u00e4tgas tillverkas av alla sorters energik\u00e4llor: fossila, fossilfria, f\u00f6rnybara. Den stora potentialen har v\u00e4tgas som energib\u00e4rare i ett f\u00f6rnybart energisystem, d\u00e4r den framst\u00e4lls fr\u00e5n till exempel sol, vind eller vatten. V\u00e4tgas anv\u00e4nds <a class=\"moretag\" href=\"https:\/\/iwdev.se\/vatgas\/fakta\/\">[&#8230;]<\/a><\/p>\n","protected":false},"author":1,"featured_media":0,"parent":0,"menu_order":0,"comment_status":"closed","ping_status":"closed","template":"templates\/template-fakta.php","meta":{"_acf_changed":false,"footnotes":""},"class_list":["post-241","page","type-page","status-publish","hentry"],"acf":[],"yoast_head":"<!-- This site is optimized with the Yoast SEO Premium plugin v26.4 (Yoast SEO v27.4) - https:\/\/yoast.com\/product\/yoast-seo-premium-wordpress\/ -->\n<title>Fakta - V\u00e4tgas Sverige<\/title>\n<meta name=\"robots\" content=\"noindex, follow, max-snippet:-1, max-image-preview:large, max-video-preview:-1\" \/>\n<meta property=\"og:locale\" content=\"sv_SE\" \/>\n<meta property=\"og:type\" content=\"article\" \/>\n<meta property=\"og:title\" content=\"Fakta\" \/>\n<meta property=\"og:description\" content=\"Fakta om v\u00e4tgas fr\u00e5n k\u00e4lla till anv\u00e4ndning V\u00e4tgas \u00e4r en energib\u00e4rare som anv\u00e4nds f\u00f6r att transportera, lagra och tillhandah\u00e5lla energi, precis som elektricitet. V\u00e4tgas tillverkas av alla sorters energik\u00e4llor: fossila, fossilfria, f\u00f6rnybara. Den stora potentialen har v\u00e4tgas som energib\u00e4rare i ett f\u00f6rnybart energisystem, d\u00e4r den framst\u00e4lls fr\u00e5n till exempel sol, vind eller vatten. V\u00e4tgas anv\u00e4nds [...]\" \/>\n<meta property=\"og:url\" content=\"https:\/\/iwdev.se\/vatgas\/fakta\/\" \/>\n<meta property=\"og:site_name\" content=\"V\u00e4tgas Sverige\" \/>\n<meta property=\"article:modified_time\" content=\"2022-10-25T12:08:02+00:00\" \/>\n<meta name=\"twitter:card\" content=\"summary_large_image\" \/>\n<meta name=\"twitter:label1\" content=\"Ber\u00e4knad l\u00e4stid\" \/>\n\t<meta name=\"twitter:data1\" content=\"1 minut\" \/>\n<script type=\"application\/ld+json\" class=\"yoast-schema-graph\">{\"@context\":\"https:\\\/\\\/schema.org\",\"@graph\":[{\"@type\":\"WebPage\",\"@id\":\"https:\\\/\\\/iwdev.se\\\/vatgas\\\/fakta\\\/\",\"url\":\"https:\\\/\\\/iwdev.se\\\/vatgas\\\/fakta\\\/\",\"name\":\"Fakta - V\u00e4tgas Sverige\",\"isPartOf\":{\"@id\":\"https:\\\/\\\/iwdev.se\\\/vatgas\\\/#website\"},\"datePublished\":\"2022-08-18T07:38:39+00:00\",\"dateModified\":\"2022-10-25T12:08:02+00:00\",\"breadcrumb\":{\"@id\":\"https:\\\/\\\/iwdev.se\\\/vatgas\\\/fakta\\\/#breadcrumb\"},\"inLanguage\":\"sv-SE\",\"potentialAction\":[{\"@type\":\"ReadAction\",\"target\":[\"https:\\\/\\\/iwdev.se\\\/vatgas\\\/fakta\\\/\"]}]},{\"@type\":\"BreadcrumbList\",\"@id\":\"https:\\\/\\\/iwdev.se\\\/vatgas\\\/fakta\\\/#breadcrumb\",\"itemListElement\":[{\"@type\":\"ListItem\",\"position\":1,\"name\":\"Home\",\"item\":\"https:\\\/\\\/iwdev.se\\\/vatgas\\\/\"},{\"@type\":\"ListItem\",\"position\":2,\"name\":\"Fakta\"}]},{\"@type\":\"WebSite\",\"@id\":\"https:\\\/\\\/iwdev.se\\\/vatgas\\\/#website\",\"url\":\"https:\\\/\\\/iwdev.se\\\/vatgas\\\/\",\"name\":\"V\u00e4tgas Sverige\",\"description\":\"En ledande plattform f\u00f6r omst\u00e4llningen till fossilfrihet\",\"publisher\":{\"@id\":\"https:\\\/\\\/iwdev.se\\\/vatgas\\\/#organization\"},\"potentialAction\":[{\"@type\":\"SearchAction\",\"target\":{\"@type\":\"EntryPoint\",\"urlTemplate\":\"https:\\\/\\\/iwdev.se\\\/vatgas\\\/?s={search_term_string}\"},\"query-input\":{\"@type\":\"PropertyValueSpecification\",\"valueRequired\":true,\"valueName\":\"search_term_string\"}}],\"inLanguage\":\"sv-SE\"},{\"@type\":\"Organization\",\"@id\":\"https:\\\/\\\/iwdev.se\\\/vatgas\\\/#organization\",\"name\":\"V\u00e4tgas Sverige\",\"url\":\"https:\\\/\\\/iwdev.se\\\/vatgas\\\/\",\"logo\":{\"@type\":\"ImageObject\",\"inLanguage\":\"sv-SE\",\"@id\":\"https:\\\/\\\/iwdev.se\\\/vatgas\\\/#\\\/schema\\\/logo\\\/image\\\/\",\"url\":\"https:\\\/\\\/iwdev.se\\\/vatgas\\\/wp-content\\\/uploads\\\/2022\\\/06\\\/LOGO.png\",\"contentUrl\":\"https:\\\/\\\/iwdev.se\\\/vatgas\\\/wp-content\\\/uploads\\\/2022\\\/06\\\/LOGO.png\",\"width\":240,\"height\":147,\"caption\":\"V\u00e4tgas Sverige\"},\"image\":{\"@id\":\"https:\\\/\\\/iwdev.se\\\/vatgas\\\/#\\\/schema\\\/logo\\\/image\\\/\"}}]}<\/script>\n<!-- \/ Yoast SEO Premium plugin. -->","yoast_head_json":{"title":"Fakta - V\u00e4tgas Sverige","robots":{"index":"noindex","follow":"follow","max-snippet":"max-snippet:-1","max-image-preview":"max-image-preview:large","max-video-preview":"max-video-preview:-1"},"og_locale":"sv_SE","og_type":"article","og_title":"Fakta","og_description":"Fakta om v\u00e4tgas fr\u00e5n k\u00e4lla till anv\u00e4ndning V\u00e4tgas \u00e4r en energib\u00e4rare som anv\u00e4nds f\u00f6r att transportera, lagra och tillhandah\u00e5lla energi, precis som elektricitet. V\u00e4tgas tillverkas av alla sorters energik\u00e4llor: fossila, fossilfria, f\u00f6rnybara. Den stora potentialen har v\u00e4tgas som energib\u00e4rare i ett f\u00f6rnybart energisystem, d\u00e4r den framst\u00e4lls fr\u00e5n till exempel sol, vind eller vatten. V\u00e4tgas anv\u00e4nds [...]","og_url":"https:\/\/iwdev.se\/vatgas\/fakta\/","og_site_name":"V\u00e4tgas Sverige","article_modified_time":"2022-10-25T12:08:02+00:00","twitter_card":"summary_large_image","twitter_misc":{"Ber\u00e4knad l\u00e4stid":"1 minut"},"schema":{"@context":"https:\/\/schema.org","@graph":[{"@type":"WebPage","@id":"https:\/\/iwdev.se\/vatgas\/fakta\/","url":"https:\/\/iwdev.se\/vatgas\/fakta\/","name":"Fakta - V\u00e4tgas Sverige","isPartOf":{"@id":"https:\/\/iwdev.se\/vatgas\/#website"},"datePublished":"2022-08-18T07:38:39+00:00","dateModified":"2022-10-25T12:08:02+00:00","breadcrumb":{"@id":"https:\/\/iwdev.se\/vatgas\/fakta\/#breadcrumb"},"inLanguage":"sv-SE","potentialAction":[{"@type":"ReadAction","target":["https:\/\/iwdev.se\/vatgas\/fakta\/"]}]},{"@type":"BreadcrumbList","@id":"https:\/\/iwdev.se\/vatgas\/fakta\/#breadcrumb","itemListElement":[{"@type":"ListItem","position":1,"name":"Home","item":"https:\/\/iwdev.se\/vatgas\/"},{"@type":"ListItem","position":2,"name":"Fakta"}]},{"@type":"WebSite","@id":"https:\/\/iwdev.se\/vatgas\/#website","url":"https:\/\/iwdev.se\/vatgas\/","name":"V\u00e4tgas Sverige","description":"En ledande plattform f\u00f6r omst\u00e4llningen till fossilfrihet","publisher":{"@id":"https:\/\/iwdev.se\/vatgas\/#organization"},"potentialAction":[{"@type":"SearchAction","target":{"@type":"EntryPoint","urlTemplate":"https:\/\/iwdev.se\/vatgas\/?s={search_term_string}"},"query-input":{"@type":"PropertyValueSpecification","valueRequired":true,"valueName":"search_term_string"}}],"inLanguage":"sv-SE"},{"@type":"Organization","@id":"https:\/\/iwdev.se\/vatgas\/#organization","name":"V\u00e4tgas Sverige","url":"https:\/\/iwdev.se\/vatgas\/","logo":{"@type":"ImageObject","inLanguage":"sv-SE","@id":"https:\/\/iwdev.se\/vatgas\/#\/schema\/logo\/image\/","url":"https:\/\/iwdev.se\/vatgas\/wp-content\/uploads\/2022\/06\/LOGO.png","contentUrl":"https:\/\/iwdev.se\/vatgas\/wp-content\/uploads\/2022\/06\/LOGO.png","width":240,"height":147,"caption":"V\u00e4tgas Sverige"},"image":{"@id":"https:\/\/iwdev.se\/vatgas\/#\/schema\/logo\/image\/"}}]}},"_links":{"self":[{"href":"https:\/\/iwdev.se\/vatgas\/wp-json\/wp\/v2\/pages\/241","targetHints":{"allow":["GET"]}}],"collection":[{"href":"https:\/\/iwdev.se\/vatgas\/wp-json\/wp\/v2\/pages"}],"about":[{"href":"https:\/\/iwdev.se\/vatgas\/wp-json\/wp\/v2\/types\/page"}],"author":[{"embeddable":true,"href":"https:\/\/iwdev.se\/vatgas\/wp-json\/wp\/v2\/users\/1"}],"replies":[{"embeddable":true,"href":"https:\/\/iwdev.se\/vatgas\/wp-json\/wp\/v2\/comments?post=241"}],"version-history":[{"count":12,"href":"https:\/\/iwdev.se\/vatgas\/wp-json\/wp\/v2\/pages\/241\/revisions"}],"predecessor-version":[{"id":17095,"href":"https:\/\/iwdev.se\/vatgas\/wp-json\/wp\/v2\/pages\/241\/revisions\/17095"}],"wp:attachment":[{"href":"https:\/\/iwdev.se\/vatgas\/wp-json\/wp\/v2\/media?parent=241"}],"curies":[{"name":"wp","href":"https:\/\/api.w.org\/{rel}","templated":true}]}}