{"id":262,"date":"2022-08-18T10:11:19","date_gmt":"2022-08-18T10:11:19","guid":{"rendered":"https:\/\/vatgas.hemsida.eu\/?page_id=262"},"modified":"2024-12-23T08:53:26","modified_gmt":"2024-12-23T08:53:26","slug":"natverk","status":"publish","type":"page","link":"https:\/\/iwdev.se\/vatgas\/natverk\/","title":{"rendered":"N\u00e4tverk"},"content":{"rendered":"\n<h2 class=\"wp-block-heading\" id=\"h-natverk\">N\u00e4tverk<\/h2>\n\n\n\n<p>Vi har ett dynamiskt och engagerande n\u00e4tverk som f\u00f6renar akt\u00f6rer fr\u00e5n n\u00e4ringslivet, myndigheter och akademin, b\u00e5de p\u00e5 nationell och global niv\u00e5. Genom v\u00e5r plattform skapar vi en arena f\u00f6r dialog och samverkan med medlemmar och partners som aktivt driver omst\u00e4llningen mot ett klimatneutralt samh\u00e4lle.<\/p>\n\n\n\n<p><\/p>\n","protected":false},"excerpt":{"rendered":"<p>N\u00e4tverk Vi har ett dynamiskt och engagerande n\u00e4tverk som f\u00f6renar akt\u00f6rer fr\u00e5n n\u00e4ringslivet, myndigheter och akademin, b\u00e5de p\u00e5 nationell och global niv\u00e5. Genom v\u00e5r plattform skapar vi en arena f\u00f6r dialog och samverkan med medlemmar och partners som aktivt driver omst\u00e4llningen mot ett klimatneutralt samh\u00e4lle.<\/p>\n","protected":false},"author":1,"featured_media":0,"parent":0,"menu_order":0,"comment_status":"closed","ping_status":"closed","template":"templates\/template-vad-vi-gor.php","meta":{"_acf_changed":false,"footnotes":""},"class_list":["post-262","page","type-page","status-publish","hentry"],"acf":[],"yoast_head":"<!-- This site is optimized with the Yoast SEO Premium plugin v26.4 (Yoast SEO v27.4) - https:\/\/yoast.com\/product\/yoast-seo-premium-wordpress\/ -->\n<title>N\u00e4tverk - V\u00e4tgas Sverige<\/title>\n<meta name=\"description\" content=\"V\u00e4tgas Sveriges n\u00e4tverk och v\u00e5ra medlemmar arbetar aktivt med att driva p\u00e5 omst\u00e4llningen mot ett klimatneutralt samh\u00e4lle.\" \/>\n<meta name=\"robots\" content=\"noindex, follow, max-snippet:-1, max-image-preview:large, max-video-preview:-1\" \/>\n<meta property=\"og:locale\" content=\"sv_SE\" \/>\n<meta property=\"og:type\" content=\"article\" \/>\n<meta property=\"og:title\" content=\"N\u00e4tverk\" \/>\n<meta property=\"og:description\" content=\"V\u00e4tgas Sveriges n\u00e4tverk och v\u00e5ra medlemmar arbetar aktivt med att driva p\u00e5 omst\u00e4llningen mot ett klimatneutralt samh\u00e4lle.\" \/>\n<meta property=\"og:url\" content=\"https:\/\/iwdev.se\/vatgas\/natverk\/\" \/>\n<meta property=\"og:site_name\" content=\"V\u00e4tgas Sverige\" \/>\n<meta property=\"article:modified_time\" content=\"2024-12-23T08:53:26+00:00\" \/>\n<meta name=\"twitter:card\" content=\"summary_large_image\" \/>\n<meta name=\"twitter:label1\" content=\"Ber\u00e4knad l\u00e4stid\" \/>\n\t<meta name=\"twitter:data1\" content=\"1 minut\" \/>\n<script type=\"application\/ld+json\" class=\"yoast-schema-graph\">{\"@context\":\"https:\\\/\\\/schema.org\",\"@graph\":[{\"@type\":\"WebPage\",\"@id\":\"https:\\\/\\\/iwdev.se\\\/vatgas\\\/natverk\\\/\",\"url\":\"https:\\\/\\\/iwdev.se\\\/vatgas\\\/natverk\\\/\",\"name\":\"N\u00e4tverk - V\u00e4tgas Sverige\",\"isPartOf\":{\"@id\":\"https:\\\/\\\/iwdev.se\\\/vatgas\\\/#website\"},\"datePublished\":\"2022-08-18T10:11:19+00:00\",\"dateModified\":\"2024-12-23T08:53:26+00:00\",\"description\":\"V\u00e4tgas Sveriges n\u00e4tverk och v\u00e5ra medlemmar arbetar aktivt med att driva p\u00e5 omst\u00e4llningen mot ett klimatneutralt samh\u00e4lle.\",\"breadcrumb\":{\"@id\":\"https:\\\/\\\/iwdev.se\\\/vatgas\\\/natverk\\\/#breadcrumb\"},\"inLanguage\":\"sv-SE\",\"potentialAction\":[{\"@type\":\"ReadAction\",\"target\":[\"https:\\\/\\\/iwdev.se\\\/vatgas\\\/natverk\\\/\"]}]},{\"@type\":\"BreadcrumbList\",\"@id\":\"https:\\\/\\\/iwdev.se\\\/vatgas\\\/natverk\\\/#breadcrumb\",\"itemListElement\":[{\"@type\":\"ListItem\",\"position\":1,\"name\":\"Home\",\"item\":\"https:\\\/\\\/iwdev.se\\\/vatgas\\\/\"},{\"@type\":\"ListItem\",\"position\":2,\"name\":\"N\u00e4tverk\"}]},{\"@type\":\"WebSite\",\"@id\":\"https:\\\/\\\/iwdev.se\\\/vatgas\\\/#website\",\"url\":\"https:\\\/\\\/iwdev.se\\\/vatgas\\\/\",\"name\":\"V\u00e4tgas Sverige\",\"description\":\"En ledande plattform f\u00f6r omst\u00e4llningen till fossilfrihet\",\"publisher\":{\"@id\":\"https:\\\/\\\/iwdev.se\\\/vatgas\\\/#organization\"},\"potentialAction\":[{\"@type\":\"SearchAction\",\"target\":{\"@type\":\"EntryPoint\",\"urlTemplate\":\"https:\\\/\\\/iwdev.se\\\/vatgas\\\/?s={search_term_string}\"},\"query-input\":{\"@type\":\"PropertyValueSpecification\",\"valueRequired\":true,\"valueName\":\"search_term_string\"}}],\"inLanguage\":\"sv-SE\"},{\"@type\":\"Organization\",\"@id\":\"https:\\\/\\\/iwdev.se\\\/vatgas\\\/#organization\",\"name\":\"V\u00e4tgas Sverige\",\"url\":\"https:\\\/\\\/iwdev.se\\\/vatgas\\\/\",\"logo\":{\"@type\":\"ImageObject\",\"inLanguage\":\"sv-SE\",\"@id\":\"https:\\\/\\\/iwdev.se\\\/vatgas\\\/#\\\/schema\\\/logo\\\/image\\\/\",\"url\":\"https:\\\/\\\/iwdev.se\\\/vatgas\\\/wp-content\\\/uploads\\\/2022\\\/06\\\/LOGO.png\",\"contentUrl\":\"https:\\\/\\\/iwdev.se\\\/vatgas\\\/wp-content\\\/uploads\\\/2022\\\/06\\\/LOGO.png\",\"width\":240,\"height\":147,\"caption\":\"V\u00e4tgas Sverige\"},\"image\":{\"@id\":\"https:\\\/\\\/iwdev.se\\\/vatgas\\\/#\\\/schema\\\/logo\\\/image\\\/\"}}]}<\/script>\n<!-- \/ Yoast SEO Premium plugin. -->","yoast_head_json":{"title":"N\u00e4tverk - V\u00e4tgas Sverige","description":"V\u00e4tgas Sveriges n\u00e4tverk och v\u00e5ra medlemmar arbetar aktivt med att driva p\u00e5 omst\u00e4llningen mot ett klimatneutralt samh\u00e4lle.","robots":{"index":"noindex","follow":"follow","max-snippet":"max-snippet:-1","max-image-preview":"max-image-preview:large","max-video-preview":"max-video-preview:-1"},"og_locale":"sv_SE","og_type":"article","og_title":"N\u00e4tverk","og_description":"V\u00e4tgas Sveriges n\u00e4tverk och v\u00e5ra medlemmar arbetar aktivt med att driva p\u00e5 omst\u00e4llningen mot ett klimatneutralt samh\u00e4lle.","og_url":"https:\/\/iwdev.se\/vatgas\/natverk\/","og_site_name":"V\u00e4tgas Sverige","article_modified_time":"2024-12-23T08:53:26+00:00","twitter_card":"summary_large_image","twitter_misc":{"Ber\u00e4knad l\u00e4stid":"1 minut"},"schema":{"@context":"https:\/\/schema.org","@graph":[{"@type":"WebPage","@id":"https:\/\/iwdev.se\/vatgas\/natverk\/","url":"https:\/\/iwdev.se\/vatgas\/natverk\/","name":"N\u00e4tverk - V\u00e4tgas Sverige","isPartOf":{"@id":"https:\/\/iwdev.se\/vatgas\/#website"},"datePublished":"2022-08-18T10:11:19+00:00","dateModified":"2024-12-23T08:53:26+00:00","description":"V\u00e4tgas Sveriges n\u00e4tverk och v\u00e5ra medlemmar arbetar aktivt med att driva p\u00e5 omst\u00e4llningen mot ett klimatneutralt samh\u00e4lle.","breadcrumb":{"@id":"https:\/\/iwdev.se\/vatgas\/natverk\/#breadcrumb"},"inLanguage":"sv-SE","potentialAction":[{"@type":"ReadAction","target":["https:\/\/iwdev.se\/vatgas\/natverk\/"]}]},{"@type":"BreadcrumbList","@id":"https:\/\/iwdev.se\/vatgas\/natverk\/#breadcrumb","itemListElement":[{"@type":"ListItem","position":1,"name":"Home","item":"https:\/\/iwdev.se\/vatgas\/"},{"@type":"ListItem","position":2,"name":"N\u00e4tverk"}]},{"@type":"WebSite","@id":"https:\/\/iwdev.se\/vatgas\/#website","url":"https:\/\/iwdev.se\/vatgas\/","name":"V\u00e4tgas Sverige","description":"En ledande plattform f\u00f6r omst\u00e4llningen till fossilfrihet","publisher":{"@id":"https:\/\/iwdev.se\/vatgas\/#organization"},"potentialAction":[{"@type":"SearchAction","target":{"@type":"EntryPoint","urlTemplate":"https:\/\/iwdev.se\/vatgas\/?s={search_term_string}"},"query-input":{"@type":"PropertyValueSpecification","valueRequired":true,"valueName":"search_term_string"}}],"inLanguage":"sv-SE"},{"@type":"Organization","@id":"https:\/\/iwdev.se\/vatgas\/#organization","name":"V\u00e4tgas Sverige","url":"https:\/\/iwdev.se\/vatgas\/","logo":{"@type":"ImageObject","inLanguage":"sv-SE","@id":"https:\/\/iwdev.se\/vatgas\/#\/schema\/logo\/image\/","url":"https:\/\/iwdev.se\/vatgas\/wp-content\/uploads\/2022\/06\/LOGO.png","contentUrl":"https:\/\/iwdev.se\/vatgas\/wp-content\/uploads\/2022\/06\/LOGO.png","width":240,"height":147,"caption":"V\u00e4tgas Sverige"},"image":{"@id":"https:\/\/iwdev.se\/vatgas\/#\/schema\/logo\/image\/"}}]}},"_links":{"self":[{"href":"https:\/\/iwdev.se\/vatgas\/wp-json\/wp\/v2\/pages\/262","targetHints":{"allow":["GET"]}}],"collection":[{"href":"https:\/\/iwdev.se\/vatgas\/wp-json\/wp\/v2\/pages"}],"about":[{"href":"https:\/\/iwdev.se\/vatgas\/wp-json\/wp\/v2\/types\/page"}],"author":[{"embeddable":true,"href":"https:\/\/iwdev.se\/vatgas\/wp-json\/wp\/v2\/users\/1"}],"replies":[{"embeddable":true,"href":"https:\/\/iwdev.se\/vatgas\/wp-json\/wp\/v2\/comments?post=262"}],"version-history":[{"count":22,"href":"https:\/\/iwdev.se\/vatgas\/wp-json\/wp\/v2\/pages\/262\/revisions"}],"predecessor-version":[{"id":21966,"href":"https:\/\/iwdev.se\/vatgas\/wp-json\/wp\/v2\/pages\/262\/revisions\/21966"}],"wp:attachment":[{"href":"https:\/\/iwdev.se\/vatgas\/wp-json\/wp\/v2\/media?parent=262"}],"curies":[{"name":"wp","href":"https:\/\/api.w.org\/{rel}","templated":true}]}}