{"id":80,"date":"2023-03-07T15:46:13","date_gmt":"2023-03-07T15:46:13","guid":{"rendered":"https:\/\/vatgas.hemsida.eu\/?page_id=80"},"modified":"2025-06-30T11:01:20","modified_gmt":"2025-06-30T11:01:20","slug":"om-oss","status":"publish","type":"page","link":"https:\/\/iwdev.se\/vatgas\/om-oss\/","title":{"rendered":"Om oss"},"content":{"rendered":"\n<h2 class=\"wp-block-heading\" id=\"h-om-vatgas-sverige\">Om V\u00e4tgas Sverige<\/h2>\n\n\n\n<p>V\u00e4tgas Sverige startade som nationell organisation den 1 januari 2007 med&nbsp;syfte att fungera som initiativtagare, samordnare och kunskapsspridare. Verksamheten bedrivs i form av en ideell, politiskt obunden bransch- och medlemsorganisation.<\/p>\n\n\n\n<p>Vi samlar den f\u00f6rnybara energibranschen kring centrala fr\u00e5gor om framtidens energisystem. Tillsammans med v\u00e5ra medlemmar verkar V\u00e4tgas Sverige f\u00f6r en h\u00e5llbar omst\u00e4llning d\u00e4r f\u00f6rnybar v\u00e4tgas har en sj\u00e4lvklar roll. F\u00f6reningens medlemmar representerar n\u00e4ringslivet, akademi och offentlig verksamhet.&nbsp;<\/p>\n\n\n\n<p>Verksamheten inriktas p\u00e5 n\u00e4tverkande, kunskapsspridning kring potentialen med v\u00e4tgas och p\u00e5verkan inom fr\u00e5gor som bl.a balansering av eln\u00e4tet, energilager, transporter, resiliens och f\u00f6rnybar energi. Vi har stor erfarenhet av att driva s\u00e5v\u00e4l nationella som internationella projekt med syfte att driva p\u00e5 den gr\u00f6na energiomst\u00e4llningen.<\/p>\n\n\n\n<h4 class=\"wp-block-heading\" id=\"h-overgripande-mal\">\u00d6vergripande m\u00e5l<\/h4>\n\n\n\n<ul class=\"wp-block-list\">\n<li>Fr\u00e4mja v\u00e4tgas som energib\u00e4rare i Sverige f\u00f6r att st\u00f6dja det svenska innovationssystemet f\u00f6r v\u00e4tgas och bidra till en h\u00e5llbar utveckling inom industri och samh\u00e4lle, med l\u00e4gre utsl\u00e4pp och mer f\u00f6rnybar energi samt \u00f6kad resiliens.<\/li>\n\n\n\n<li>Utg\u00f6ra det centrala navet f\u00f6r v\u00e4tgasfr\u00e5gor i Sverige samt utg\u00f6ra en kontaktpunkt och svensk samordnare i internationella sammanhang.<\/li>\n\n\n\n<li>Tillsammans med medlemmarna, med gemensamma krafter, f\u00f6rmedla potentialen med v\u00e4tgasanv\u00e4ndning och att utg\u00f6ra v\u00e4tgasanv\u00e4ndningens r\u00f6st i samh\u00e4llet. Styrelsen och kansliet arbetar i samr\u00e5d f\u00f6r att p\u00e5 b\u00e4sta s\u00e4tt fr\u00e4mja dessa \u00e4ndam\u00e5l i l\u00e5ngsiktiga strategier och handlingsplaner.<\/li>\n<\/ul>\n\n\n\n<h4 class=\"wp-block-heading\" id=\"h-var-vision\">V\u00e5r vision<\/h4>\n\n\n\n<p><strong>Make it H2appen!&nbsp;<\/strong><\/p>\n\n\n\n<p>Vi realiserar v\u00e4tgasens fulla potential f\u00f6r Sveriges h\u00e5llbara framtid.<\/p>\n\n\n\n<h4 class=\"wp-block-heading\" id=\"h-var-mission\">V\u00e5r mission<\/h4>\n\n\n\n<p>Sveriges ledande plattform inom v\u00e4tgas &#8211; en m\u00e5ngfald av akt\u00f6rer och experter. Kunskapsb\u00e4raren som med h\u00f6g integritet accelererar svensk h\u00e5llbar utveckling och konkurrenskraft.<\/p>\n\n\n\n<h4 class=\"wp-block-heading\" id=\"h-vara-medlemmar\">V\u00e5ra Medlemmar<\/h4>\n\n\n\n<p>Vi \u00e4r en st\u00e4ndigt v\u00e4xande f\u00f6rening och v\u00e5ra medlemmar finns representerade inom sm\u00e5 och stora f\u00f6retag, akademin, regioner och kommuner.<\/p>\n\n\n\n<h4 class=\"wp-block-heading\" id=\"h-var-styrelse\">V\u00e5r styrelse<\/h4>\n\n\n\n<p>V\u00e5r styrelse best\u00e5r av personer med solid kunskap och erfarenhet inom energi, aff\u00e4rsutveckling, forskning, industriell verksamhet, sm\u00e5 och stora f\u00f6retag, riskkapital, entrepren\u00f6rskap och ledarskap. Gemensamt f\u00f6r samtliga \u00e4r att de brinner f\u00f6r v\u00e4tgasens utveckling.<\/p>\n\n\n\n<h4 class=\"wp-block-heading\" id=\"h-politik-och-samhalle\">Politik och samh\u00e4lle<\/h4>\n\n\n\n<p>V\u00e4tgas Sverige arbetar med att ta fram konkreta f\u00f6rslag, f\u00f6rfattar och medverkar till ett antal offentliga remissvar och \u00f6vriga skrivelser. Vi har ett etablerat samarbete med v\u00e5ra medlemmar, d\u00e4r vi gemensamt formulerar synpunkter och budskap i ett antal remissvar. Vi har \u00e4ven bidragit till omfattande underlag f\u00f6r nationell v\u00e4tgasstrategi. Sedan 15 \u00e5r tillbaka har vi medverkat p\u00e5 Almedalen med v\u00e5r plattform f\u00f6r v\u00e4tgas. Vi utbildar och har en n\u00e4ra dialog med politiker fr\u00e5n samtliga partier och niv\u00e5er.<\/p>\n\n\n\n<div class=\"wp-block-buttons is-layout-flex wp-block-buttons-is-layout-flex\">\n<div class=\"wp-block-button\"><a class=\"wp-block-button__link has-background wp-element-button\" href=\"https:\/\/iwdev.se\/vatgas\/wp-content\/uploads\/2025\/06\/250424_Arsresume.pdf\" style=\"background-color:#e9704f\">L\u00e4s v\u00e5r \u00e5rsresum\u00e9 2024<\/a><\/div>\n<\/div>\n\n\n\n<p><\/p>\n","protected":false},"excerpt":{"rendered":"<p>Om V\u00e4tgas Sverige V\u00e4tgas Sverige startade som nationell organisation den 1 januari 2007 med&nbsp;syfte att fungera som initiativtagare, samordnare och kunskapsspridare. Verksamheten bedrivs i form av en ideell, politiskt obunden bransch- och medlemsorganisation. Vi samlar den f\u00f6rnybara energibranschen kring centrala fr\u00e5gor om framtidens energisystem. Tillsammans med v\u00e5ra medlemmar verkar V\u00e4tgas Sverige f\u00f6r en h\u00e5llbar omst\u00e4llning <a class=\"moretag\" href=\"https:\/\/iwdev.se\/vatgas\/om-oss\/\">[&#8230;]<\/a><\/p>\n","protected":false},"author":1,"featured_media":0,"parent":0,"menu_order":0,"comment_status":"closed","ping_status":"closed","template":"templates\/template-om_oss.php","meta":{"_acf_changed":false,"footnotes":""},"class_list":["post-80","page","type-page","status-publish","hentry"],"acf":[],"yoast_head":"<!-- This site is optimized with the Yoast SEO Premium plugin v26.4 (Yoast SEO v27.4) - https:\/\/yoast.com\/product\/yoast-seo-premium-wordpress\/ -->\n<title>Om oss - V\u00e4tgas Sverige<\/title>\n<meta name=\"robots\" content=\"noindex, follow, max-snippet:-1, max-image-preview:large, max-video-preview:-1\" \/>\n<meta property=\"og:locale\" content=\"sv_SE\" \/>\n<meta property=\"og:type\" content=\"article\" \/>\n<meta property=\"og:title\" content=\"Om oss\" \/>\n<meta property=\"og:description\" content=\"Om V\u00e4tgas Sverige V\u00e4tgas Sverige startade som nationell organisation den 1 januari 2007 med&nbsp;syfte att fungera som initiativtagare, samordnare och kunskapsspridare. Verksamheten bedrivs i form av en ideell, politiskt obunden bransch- och medlemsorganisation. Vi samlar den f\u00f6rnybara energibranschen kring centrala fr\u00e5gor om framtidens energisystem. Tillsammans med v\u00e5ra medlemmar verkar V\u00e4tgas Sverige f\u00f6r en h\u00e5llbar omst\u00e4llning [...]\" \/>\n<meta property=\"og:url\" content=\"https:\/\/iwdev.se\/vatgas\/om-oss\/\" \/>\n<meta property=\"og:site_name\" content=\"V\u00e4tgas Sverige\" \/>\n<meta property=\"article:modified_time\" content=\"2025-06-30T11:01:20+00:00\" \/>\n<meta name=\"twitter:card\" content=\"summary_large_image\" \/>\n<meta name=\"twitter:label1\" content=\"Ber\u00e4knad l\u00e4stid\" \/>\n\t<meta name=\"twitter:data1\" content=\"2 minuter\" \/>\n<script type=\"application\/ld+json\" class=\"yoast-schema-graph\">{\"@context\":\"https:\\\/\\\/schema.org\",\"@graph\":[{\"@type\":\"WebPage\",\"@id\":\"https:\\\/\\\/iwdev.se\\\/vatgas\\\/om-oss\\\/\",\"url\":\"https:\\\/\\\/iwdev.se\\\/vatgas\\\/om-oss\\\/\",\"name\":\"Om oss - V\u00e4tgas Sverige\",\"isPartOf\":{\"@id\":\"https:\\\/\\\/iwdev.se\\\/vatgas\\\/#website\"},\"datePublished\":\"2023-03-07T15:46:13+00:00\",\"dateModified\":\"2025-06-30T11:01:20+00:00\",\"breadcrumb\":{\"@id\":\"https:\\\/\\\/iwdev.se\\\/vatgas\\\/om-oss\\\/#breadcrumb\"},\"inLanguage\":\"sv-SE\",\"potentialAction\":[{\"@type\":\"ReadAction\",\"target\":[\"https:\\\/\\\/iwdev.se\\\/vatgas\\\/om-oss\\\/\"]}]},{\"@type\":\"BreadcrumbList\",\"@id\":\"https:\\\/\\\/iwdev.se\\\/vatgas\\\/om-oss\\\/#breadcrumb\",\"itemListElement\":[{\"@type\":\"ListItem\",\"position\":1,\"name\":\"Home\",\"item\":\"https:\\\/\\\/iwdev.se\\\/vatgas\\\/\"},{\"@type\":\"ListItem\",\"position\":2,\"name\":\"Om oss\"}]},{\"@type\":\"WebSite\",\"@id\":\"https:\\\/\\\/iwdev.se\\\/vatgas\\\/#website\",\"url\":\"https:\\\/\\\/iwdev.se\\\/vatgas\\\/\",\"name\":\"V\u00e4tgas Sverige\",\"description\":\"En ledande plattform f\u00f6r omst\u00e4llningen till fossilfrihet\",\"publisher\":{\"@id\":\"https:\\\/\\\/iwdev.se\\\/vatgas\\\/#organization\"},\"potentialAction\":[{\"@type\":\"SearchAction\",\"target\":{\"@type\":\"EntryPoint\",\"urlTemplate\":\"https:\\\/\\\/iwdev.se\\\/vatgas\\\/?s={search_term_string}\"},\"query-input\":{\"@type\":\"PropertyValueSpecification\",\"valueRequired\":true,\"valueName\":\"search_term_string\"}}],\"inLanguage\":\"sv-SE\"},{\"@type\":\"Organization\",\"@id\":\"https:\\\/\\\/iwdev.se\\\/vatgas\\\/#organization\",\"name\":\"V\u00e4tgas Sverige\",\"url\":\"https:\\\/\\\/iwdev.se\\\/vatgas\\\/\",\"logo\":{\"@type\":\"ImageObject\",\"inLanguage\":\"sv-SE\",\"@id\":\"https:\\\/\\\/iwdev.se\\\/vatgas\\\/#\\\/schema\\\/logo\\\/image\\\/\",\"url\":\"https:\\\/\\\/iwdev.se\\\/vatgas\\\/wp-content\\\/uploads\\\/2022\\\/06\\\/LOGO.png\",\"contentUrl\":\"https:\\\/\\\/iwdev.se\\\/vatgas\\\/wp-content\\\/uploads\\\/2022\\\/06\\\/LOGO.png\",\"width\":240,\"height\":147,\"caption\":\"V\u00e4tgas Sverige\"},\"image\":{\"@id\":\"https:\\\/\\\/iwdev.se\\\/vatgas\\\/#\\\/schema\\\/logo\\\/image\\\/\"}}]}<\/script>\n<!-- \/ Yoast SEO Premium plugin. -->","yoast_head_json":{"title":"Om oss - V\u00e4tgas Sverige","robots":{"index":"noindex","follow":"follow","max-snippet":"max-snippet:-1","max-image-preview":"max-image-preview:large","max-video-preview":"max-video-preview:-1"},"og_locale":"sv_SE","og_type":"article","og_title":"Om oss","og_description":"Om V\u00e4tgas Sverige V\u00e4tgas Sverige startade som nationell organisation den 1 januari 2007 med&nbsp;syfte att fungera som initiativtagare, samordnare och kunskapsspridare. Verksamheten bedrivs i form av en ideell, politiskt obunden bransch- och medlemsorganisation. Vi samlar den f\u00f6rnybara energibranschen kring centrala fr\u00e5gor om framtidens energisystem. Tillsammans med v\u00e5ra medlemmar verkar V\u00e4tgas Sverige f\u00f6r en h\u00e5llbar omst\u00e4llning [...]","og_url":"https:\/\/iwdev.se\/vatgas\/om-oss\/","og_site_name":"V\u00e4tgas Sverige","article_modified_time":"2025-06-30T11:01:20+00:00","twitter_card":"summary_large_image","twitter_misc":{"Ber\u00e4knad l\u00e4stid":"2 minuter"},"schema":{"@context":"https:\/\/schema.org","@graph":[{"@type":"WebPage","@id":"https:\/\/iwdev.se\/vatgas\/om-oss\/","url":"https:\/\/iwdev.se\/vatgas\/om-oss\/","name":"Om oss - V\u00e4tgas Sverige","isPartOf":{"@id":"https:\/\/iwdev.se\/vatgas\/#website"},"datePublished":"2023-03-07T15:46:13+00:00","dateModified":"2025-06-30T11:01:20+00:00","breadcrumb":{"@id":"https:\/\/iwdev.se\/vatgas\/om-oss\/#breadcrumb"},"inLanguage":"sv-SE","potentialAction":[{"@type":"ReadAction","target":["https:\/\/iwdev.se\/vatgas\/om-oss\/"]}]},{"@type":"BreadcrumbList","@id":"https:\/\/iwdev.se\/vatgas\/om-oss\/#breadcrumb","itemListElement":[{"@type":"ListItem","position":1,"name":"Home","item":"https:\/\/iwdev.se\/vatgas\/"},{"@type":"ListItem","position":2,"name":"Om oss"}]},{"@type":"WebSite","@id":"https:\/\/iwdev.se\/vatgas\/#website","url":"https:\/\/iwdev.se\/vatgas\/","name":"V\u00e4tgas Sverige","description":"En ledande plattform f\u00f6r omst\u00e4llningen till fossilfrihet","publisher":{"@id":"https:\/\/iwdev.se\/vatgas\/#organization"},"potentialAction":[{"@type":"SearchAction","target":{"@type":"EntryPoint","urlTemplate":"https:\/\/iwdev.se\/vatgas\/?s={search_term_string}"},"query-input":{"@type":"PropertyValueSpecification","valueRequired":true,"valueName":"search_term_string"}}],"inLanguage":"sv-SE"},{"@type":"Organization","@id":"https:\/\/iwdev.se\/vatgas\/#organization","name":"V\u00e4tgas Sverige","url":"https:\/\/iwdev.se\/vatgas\/","logo":{"@type":"ImageObject","inLanguage":"sv-SE","@id":"https:\/\/iwdev.se\/vatgas\/#\/schema\/logo\/image\/","url":"https:\/\/iwdev.se\/vatgas\/wp-content\/uploads\/2022\/06\/LOGO.png","contentUrl":"https:\/\/iwdev.se\/vatgas\/wp-content\/uploads\/2022\/06\/LOGO.png","width":240,"height":147,"caption":"V\u00e4tgas Sverige"},"image":{"@id":"https:\/\/iwdev.se\/vatgas\/#\/schema\/logo\/image\/"}}]}},"_links":{"self":[{"href":"https:\/\/iwdev.se\/vatgas\/wp-json\/wp\/v2\/pages\/80","targetHints":{"allow":["GET"]}}],"collection":[{"href":"https:\/\/iwdev.se\/vatgas\/wp-json\/wp\/v2\/pages"}],"about":[{"href":"https:\/\/iwdev.se\/vatgas\/wp-json\/wp\/v2\/types\/page"}],"author":[{"embeddable":true,"href":"https:\/\/iwdev.se\/vatgas\/wp-json\/wp\/v2\/users\/1"}],"replies":[{"embeddable":true,"href":"https:\/\/iwdev.se\/vatgas\/wp-json\/wp\/v2\/comments?post=80"}],"version-history":[{"count":126,"href":"https:\/\/iwdev.se\/vatgas\/wp-json\/wp\/v2\/pages\/80\/revisions"}],"predecessor-version":[{"id":23309,"href":"https:\/\/iwdev.se\/vatgas\/wp-json\/wp\/v2\/pages\/80\/revisions\/23309"}],"wp:attachment":[{"href":"https:\/\/iwdev.se\/vatgas\/wp-json\/wp\/v2\/media?parent=80"}],"curies":[{"name":"wp","href":"https:\/\/api.w.org\/{rel}","templated":true}]}}